986647 is divided by 40.
7
What is the remainder when 327073 is divided by 7002?
4981
Calculate the remainder when 196931032 is divided by 45.
7
What is the remainder when 2708597 is divided by 3800?
2997
What is the remainder when 1478937 is divided by 4177?
279
Calculate the remainder when 48217 is divided by 733.
572
Calculate the remainder when 635814 is divided by 3992.
1086
Calculate the remainder when 70476 is divided by 35216.
44
What is the remainder when 889967 is divided by 9399?
6461
Calculate the remainder when 6953543 is divided by 2623.
2593
Calculate the remainder when 328506 is divided by 14263.
457
What is the remainder when 5483936 is divided by 2666?
2640
What is the remainder when 5832875 is divided by 1944284?
23
What is the remainder when 1863308 is divided by 834?
152
Calculate the remainder when 79517464 is divided by 1789.
1781
What is the remainder when 3775696 is divided by 2730?
106
Calculate the remainder when 344921 is divided by 143.
5
What is the remainder when 15700 is divided by 1694?
454
What is the remainder when 31751 is divided by 4534?
13
What is the remainder when 17609599 is divided by 100?
99
What is the remainder when 46255899 is divided by 23127919?
61
Calculate the remainder when 24313 is divided by 5520.
2233
What is the remainder when 65312 is divided by 2760?
1832
Calculate the remainder when 1465811 is divided by 783.
35
What is the remainder when 5784017 is divided by 4812?
4805
What is the remainder when 56103225 is divided by 4647?
4641
Calculate the remainder when 892505 is divided by 892456.
49
Calculate the remainder when 237740 is divided by 629.
607
Calculate the remainder when 36040 is divided by 6793.
2075
What is the remainder when 609 is divided by 491?
118
Calculate the remainder when 63847 is divided by 466.
5
Calculate the remainder when 30273 is divided by 13099.
4075
What is the remainder when 10362024 is divided by 27?
18
What is the remainder when 7269304 is divided by 498?
496
What is the remainder when 97614 is divided by 11766?
3486
Calculate the remainder when 14863102 is divided by 1249.
2
Calculate the remainder when 84978 is divided by 1554.
1062
What is the remainder when 51742 is divided by 25854?
34
Calculate the remainder when 58960 is divided by 28474.
2012
Calculate the remainder when 293644 is divided by 72745.
2664
Calculate the remainder when 22099140 is divided by 237625.
15
Calculate the remainder when 146839 is divided by 48791.
466
What is the remainder when 160683597 is divided by 88?
85
Calculate the remainder when 5656879 is divided by 41.
27
What is the remainder when 1872467 is divided by 1128?
1115
What is the remainder when 669528 is divided by 2461?
136
Calculate the remainder when 195815183 is divided by 37405.
8
What is the remainder when 2117148 is divided by 884?
852
What is the remainder when 248592 is divided by 22590?
102
What is the remainder when 464128 is divided by 77338?
100
Calculate the remainder when 7167414 is divided by 22610.
44
What is the remainder when 3835897 is divided by 1192?
41
Calculate the remainder when 5097234 is divided by 1449.
1101
What is the remainder when 109842557 is divided by 34?
15
Calculate the remainder when 98107 is divided by 32679.
70
Calculate the remainder when 2353 is divided by 984.
385
What is the remainder when 605825 is divided by 298?
289
Calculate the remainder when 167400623 is divided by 3467.
3462
What is the remainder when 161540820 is divided by 23077259?
7
What is the remainder when 193829 is divided by 9755?
8484
What is the remainder when 4186613 is divided by 47?
41
Calculate the remainder when 17480460 is divided by 2497208.
4
What is the remainder when 116775 is divided by 16665?
120
What is the remainder when 342122 is divided by 1541?
20
Calculate the remainder when 35471451 is divided by 8859.
15
Calculate the remainder when 25544247 is divided by 638606.
7
Calculate the remainder when 1572841609 is divided by 11.
9
What is the remainder when 1005802 is divided by 515?
7
Calculate the remainder when 6067 is divided by 239.
92
Calculate the remainder when 42189488 is divided by 29339.
6
Calculate the remainder when 453305 is divided by 179.
77
What is the remainder when 493727 is divided by 164575?
2
What is the remainder when 6218211 is divided by 6218203?
8
What is the remainder when 1721780 is divided by 132443?
21
Calculate the remainder when 40324 is divided by 6669.
310
Calculate the remainder when 5676 is divided by 1566.
978
What is the remainder when 2276822 is divided by 6619?
6505
Calculate the remainder when 1576744 is divided by 37541.
22
Calculate the remainder when 94585 is divided by 1823.
1612
What is the remainder when 3566269 is divided by 267?
217
Calculate the remainder when 540094 is divided by 33716.
638
Calculate the remainder when 2792527 is divided by 264.
199
Calculate the remainder when 1273684078 is divided by 2580.
2578
Calculate the remainder when 77461 is divided by 70327.
7134
What is the remainder when 1111 is divided by 889?
222
Calculate the remainder when 105291 is divided by 7705.
5126
What is the remainder when 660362 is divided by 18864?
122
Calculate the remainder when 273512 is divided by 2705.
307
What is the remainder when 1071639 is divided by 9400?
39
What is the remainder when 18087488 is divided by 6029105?
173
Calculate the remainder when 46742 is divided by 7686.
626
What is the remainder when 13009 is divided by 171?
13
Calculate the remainder when 3446884 is divided by 2882.
12
Calculate the remainder when 4841067 is divided by 1195.
122
What is the remainder when 125529 is divided by 125521?
8
What is the remainder when 64180 is divided by 1073?
873
Calculate the remainder when 39305 is divided by 37965.
1340
Calculate the remainder when 60614417 is divided by 43.
26
What is the remainder when 20151658 is divided by 2627?
2568
Calculate the remainder when 361772 is divided by 40196.
8
What is the remainder when 116186 is divided by 5179?
2248
What is the remainder when 118803 is divided by 107?
33
Calculate the remainder when 221242 is divided by 697.
293
Calculate the remainder when 210434 is divided by 105191.
52
Calculate the remainder when 3789369 is divided by 3789300.
69
What is the remainder when 85112666 is divided by 213?
209
What is the remainder when 5829109 is divided by 134?
109
Calculate the remainder when 240563922 is divided by 225.
222
Calculate the remainder when 712351 is divided by 739.
694
What is the remainder when 638106 is divided by 184?
178
Calculate the remainder when 12824 is divided by 10564.
2260
Calculate the remainder when 257778 is divided by 179.
18
What is the remainder when 15594816 is divided by 89113?
41
What is the remainder when 51141 is divided by 5493?
1704
What is the remainder when 9534591 is divided by 595910?
31
What is the remainder when 17121 is divided by 17111?
10
Calculate the remainder when 1211229 is divided by 12.
9
Calculate the remainder when 3940939 is divided by 1554.
1549
What is the remainder when 300728 is divided by 2348?
184
What is the remainder when 12187412 is divided by 41?
39
What is the remainder when 528852 is divided by 72?
12
What is the remainder when 29376761 is divided by 358?
355
What is the remainder when 224054 is divided by 824?
750
Calculate the remainder when 172853 is divided by 93.
59
What is the remainder when 515491 is divided by 171794?
109
Calculate the remainder when 3332347 is divided by 163.
138
What is the remainder when 98737786 is divided by 155?
151
What is the remainder when 1259952 is divided by 165?
12
What is the remainder when 1229764 is divided by 1229738?
26
What is the remainder when 152597159 is divided by 3320?
3319
Calculate the remainder when 880201 is divided by 348.
109
Calculate the remainder when 93162156 is divided by 4690.
4686
What is the remainder when 195287 is divided by 678?
23
Calculate the remainder when 36906 is divided by 569.
490
What is the remainder when 2156836683 is divided by 6716?
6715
Calculate the remainder when 19795 is divided by 3370.
2945
What is the remainder when 408841 is divided by 2648?
1049
Calculate the remainder when 201583 is divided by 183.
100
What is the remainder when 40080 is divi